
What is the thousands digit of 56900?
6
What is the tens digit of 31801?
0
What is the hundreds digit of 26869?
8
What is the units digit of 2721?
1
What is the tens digit of 57512?
1
What is the tens digit of 2131?
3
What is the tens digit of 1575?
7
What is the units digit of 774?
4
What is the hundreds digit of 4031?
0
What is the hundreds digit of 1640?
6
What is the units digit of 1944?
4
What is the ten thousands digit of 69380?
6
What is the ten thousands digit of 19262?
1
What is the units digit of 1234?
4
What is the tens digit of 4364?
6
What is the tens digit of 8003?
0
What is the hundreds digit of 37233?
2
What is the tens digit of 2103?
0
What is the units digit of 735?
5
What is the hundreds digit of 9856?
8
What is the thousands digit of 29891?
9
What is the thousands digit of 2445?
2
What is the tens digit of 26440?
4
What is the tens digit of 81550?
5
What is the hundreds digit of 221?
2
What is the thousands digit of 30687?
0
What is the tens digit of 50625?
2
What is the hundreds digit of 62785?
7
What is the thousands digit of 3106?
3
What is the hundreds digit of 1437?
4
What is the thousands digit of 2560?
2
What is the hundred thousands digit of 174199?
1
What is the thousands digit of 1868?
1
What is the ten thousands digit of 41264?
4
What is the hundreds digit of 5050?
0
What is the units digit of 19372?
2
What is the thousands digit of 13477?
3
What is the thousands digit of 1142?
1
What is the tens digit of 156?
5
What is the tens digit of 3757?
5
What is the units digit of 1803?
3
What is the hundreds digit of 1074?
0
What is the units digit of 97746?
6
What is the units digit of 14463?
3
What is the hundreds digit of 2684?
6
What is the hundreds digit of 884?
8
What is the hundreds digit of 735?
7
What is the ten thousands digit of 13601?
1
What is the ten thousands digit of 36558?
3
What is the hundreds digit of 5005?
0
What is the tens digit of 17939?
3
What is the thousands digit of 13152?
3
What is the thousands digit of 8594?
8
What is the ten thousands digit of 13632?
1
What is the hundreds digit of 7005?
0
What is the hundreds digit of 2264?
2
What is the tens digit of 16398?
9
What is the hundreds digit of 136?
1
What is the thousands digit of 24494?
4
What is the tens digit of 3899?
9
What is the hundreds digit of 3004?
0
What is the ten thousands digit of 18857?
1
What is the units digit of 299?
9
What is the ten thousands digit of 91461?
9
What is the units digit of 13305?
5
What is the units digit of 35917?
7
What is the thousands digit of 2835?
2
What is the units digit of 913?
3
What is the units digit of 31178?
8
What is the ten thousands digit of 11176?
1
What is the hundreds digit of 1672?
6
What is the units digit of 790?
0
What is the thousands digit of 20265?
0
What is the thousands digit of 192738?
2
What is the hundreds digit of 3461?
4
What is the thousands digit of 3002?
3
What is the ten thousands digit of 130330?
3
What is the units digit of 137680?
0
What is the units digit of 40?
0
What is the hundreds digit of 6801?
8
What is the thousands digit of 16161?
6
What is the ten thousands digit of 41935?
4
What is the hundreds digit of 16679?
6
What is the units digit of 6947?
7
What is the units digit of 1489?
9
What is the hundreds digit of 2078?
0
What is the tens digit of 8805?
0
What is the ten thousands digit of 21542?
2
What is the units digit of 3192?
2
What is the hundreds digit of 625?
6
What is the hundreds digit of 3294?
2
What is the tens digit of 885?
8
What is the units digit of 160?
0
What is the tens digit of 7909?
0
What is the units digit of 55880?
0
What is the hundreds digit of 1754?
7
What is the units digit of 1803?
3
What is the thousands digit of 116392?
6
What is the units digit of 42129?
9
What is the hundreds digit of 2875?
8
What is the units digit of 519?
9
What is the thousands digit of 15344?
5
What is the tens digit of 4227?
2
What is the thousands digit of 1097?
1
What is the tens digit of 97025?
2
What is the units digit of 249?
9
What is the hundreds digit of 2888?
8
What is the hundreds digit of 794?
7
What is the tens digit of 29?
2
What is the hundreds digit of 1786?
7
What is the thousands digit of 4609?
4
What is the hundreds digit of 4440?
4
What is the thousands digit of 2212?
2
What is the ten thousands digit of 10952?
1
What is the ten thousands digit of 41448?
4
What is the tens digit of 82?
8
What is the units digit of 24723?
3
What is the tens digit of 2919?
1
What is the units digit of 1231?
1
What is the hundreds digit of 6768?
7
What is the tens digit of 31308?
0
What is the thousands digit of 41268?
1
What is the thousands digit of 6147?
6
What is the units digit of 88533?
3
What is the thousands digit of 1428?
1
What is the ten thousands digit of 18983?
1
What is the ten thousands digit of 29853?
2
What is the ten thousands digit of 54014?
5
What is the hundreds digit of 449?
4
What is the thousands digit of 2836?
2
What is the tens digit of 81831?
3
What is the thousands digit of 1227?
1
What is the units digit of 311?
1
What is the tens digit of 673?
7
What is the thousands digit of 3786?
3
What is the thousands digit of 3646?
3
What is the thousands digit of 30679?
0
What is the tens digit of 1853?
5
What is the hundreds digit of 327?
3
What is the ten thousands digit of 39783?
3
What is the hundreds digit of 657?
6
What is the units digit of 9730?
0
What is the thousands digit of 3167?
3
What is the thousands digit of 54248?
4
What is the units digit of 314?
4
What is the tens digit of 813?
1
What is the tens digit of 7206?
0
What is the units digit of 1789?
9
What is the ten thousands digit of 19087?
1
What is the tens digit of 2212?
1
What is the ten thousands digit of 31341?
3
What is the ten thousands digit of 12669?
1
What is the thousands digit of 4337?
4
What is the hundreds digit of 3751?
7
What is the tens digit of 31377?
7
What is the ten thousands digit of 12422?
1
What is the units digit of 1527?
7
What is the tens digit of 20863?
6
What is the thousands digit of 20725?
0
What is the ten thousands digit of 45043?
4
What is the tens digit of 212?
1
What is the hundreds digit of 1460?
4
What is the hundreds digit of 1178?
1
What is the hundreds digit of 25912?
9
What is the thousands digit of 1691?
1
What is the tens digit of 216?
1
What is the tens digit of 5741?
4
What is the units digit of 706?
6
What is the tens digit of 8985?
8
What is the ten thousands digit of 90856?
9
What is the thousands digit of 4350?
4
What is the units digit of 2309?
9
What is the tens digit of 809?
0
What is the thousands digit of 12113?
2
What is the tens digit of 511?
1
What is the units digit of 8418?
8
What is the tens digit of 641?
4
What is the hundreds digit of 1373?
3
What is the ten thousands digit of 12389?
1
What is the hundreds digit of 4434?
4
What is the thousands digit of 1258?
1
What is the tens digit of 377?
7
What is the tens digit of 4571?
7
What is the thousands digit of 36375?
6
What is the thousands digit of 43773?
3
What is the hundreds digit of 36262?
2
What is the thousands digit of 1170?
1
What is the thousands digit of 1339?
1
What is the ten thousands digit of 86028?
8
What is the ten thousands digit of 17368?
1
What is the hundreds digit of 11066?
0
What is the tens digit of 10963?
6
What is the hundreds digit of 962?
9
What is the tens digit of 5801?
0
What is the thousands digit of 10604?
0
What is the units digit of 282?
2
What is the ten thousands digit of 13739?
1
What is the hundreds digit of 256?
2
What is the thousands digit of 1116?
1
What is the ten thousands digit of 17662?
1
What is the hundreds digit of 6075?
0
What is the tens digit of 4806?
0
What is the hundreds digit of 4823?
8
What is the tens digit of 3914?
1
What is the thousands digit of 7264?
7
What is the tens digit of 6285?
8
What is the tens digit of 583?
8
What is the units digit of 873?
3
What is the tens digit of 1209?
0
What is the ten thousands digit of 27321?
2
What is the thousands digit of 1042?
1
What is the ten thousands digit of 49159?
4
What is the tens digit of 3324?
2
What is the units digit of 63170?
0
What is the units digit of 30491?
1
What is the tens digit of 57488?
8
What is the hundreds digit of 464?
4
What is the 